s of 32512?
2, 127
What are the prime factors of 2099097?
3, 7, 11, 13, 233
List the prime factors of 1783522.
2, 13, 68597
What are the prime factors of 651106?
2, 43, 67, 113
List the prime factors of 45139.
45139
List the prime factors of 1030140.
2, 3, 5, 59, 97
What are the prime factors of 132085?
5, 26417
What are the prime factors of 57663?
3, 43, 149
List the prime factors of 615166.
2, 307583
What are the prime factors of 172037?
89, 1933
What are the prime factors of 18633?
3, 6211
What are the prime factors of 13416795?
3, 5, 7, 191, 223
List the prime factors of 13799950.
2, 5, 275999
What are the prime factors of 910961?
23, 39607
What are the prime factors of 17667956?
2, 23, 192043
What are the prime factors of 3563377?
3563377
List the prime factors of 1788705.
3, 5, 39749
List the prime factors of 198800.
2, 5, 7, 71
What are the prime factors of 548820?
2, 3, 5, 3049
List the prime factors of 353959.
239, 1481
What are the prime factors of 569404?
2, 11, 12941
What are the prime factors of 1262583?
3, 7, 409
What are the prime factors of 1812328?
2, 7, 32363
List the prime factors of 447060.
2, 3, 5, 7451
What are the prime factors of 207584?
2, 13, 499
What are the prime factors of 164750?
2, 5, 659
What are the prime factors of 2406845?
5, 7, 68767
List the prime factors of 117090.
2, 3, 5, 1301
What are the prime factors of 365843?
41, 8923
What are the prime factors of 744194?
2, 11, 33827
List the prime factors of 603049.
97, 6217
List the prime factors of 7758818.
2, 661, 5869
List the prime factors of 1262899.
11, 114809
List the prime factors of 2220478.
2, 13, 41, 2083
What are the prime factors of 430285?
5, 47, 1831
What are the prime factors of 9010192?
2, 601, 937
What are the prime factors of 270232?
2, 17, 1987
List the prime factors of 22435345.
5, 197, 22777
What are the prime factors of 238061?
29, 8209
List the prime factors of 88129.
88129
What are the prime factors of 25405320?
2, 3, 5, 211711
List the prime factors of 997011.
3, 47, 2357
What are the prime factors of 808693?
808693
What are the prime factors of 1849478?
2, 661, 1399
What are the prime factors of 25209208?
2, 1721, 1831
List the prime factors of 45525467.
13, 727, 4817
List the prime factors of 820547.
7, 13, 71, 127
What are the prime factors of 48905?
5, 9781
What are the prime factors of 7109924?
2, 1777481
List the prime factors of 2980131.
3, 7, 11, 19, 97
List the prime factors of 3158788.
2, 19, 89, 467
What are the prime factors of 119764?
2, 79, 379
List the prime factors of 1048051.
1048051
List the prime factors of 9531351.
3, 117671
List the prime factors of 2421651.
3, 807217
List the prime factors of 33982.
2, 13, 1307
List the prime factors of 3184654.
2, 11, 144757
What are the prime factors of 1271646?
2, 3, 23549
List the prime factors of 1659771.
3, 31, 661
What are the prime factors of 626426?
2, 97, 3229
List the prime factors of 1762677.
3, 7, 571
What are the prime factors of 24407?
24407
What are the prime factors of 194729?
194729
List the prime factors of 1334156.
2, 333539
What are the prime factors of 341359?
29, 79, 149
What are the prime factors of 35117375?
5, 280939
List the prime factors of 7022634.
2, 3, 89, 13151
List the prime factors of 305134.
2, 152567
What are the prime factors of 120129?
3, 23, 1741
What are the prime factors of 16760386?
2, 113, 74161
List the prime factors of 15290392.
2, 13, 233, 631
What are the prime factors of 61227?
3, 6803
List the prime factors of 487968.
2, 3, 13, 17, 23
What are the prime factors of 383467?
7, 29, 1889
List the prime factors of 362418.
2, 3, 7, 8629
List the prime factors of 235552.
2, 17, 433
What are the prime factors of 996098?
2, 17, 29297
What are the prime factors of 18876196?
2, 19, 248371
What are the prime factors of 5661890?
2, 5, 13, 97, 449
What are the prime factors of 423406?
2, 269, 787
What are the prime factors of 249217?
249217
What are the prime factors of 1016231?
1016231
What are the prime factors of 1467505?
5, 13, 107, 211
List the prime factors of 11452295.
5, 2290459
List the prime factors of 909253.
909253
List the prime factors of 560487.
3, 23, 8123
What are the prime factors of 9577?
61, 157
List the prime factors of 643304.
2, 97, 829
List the prime factors of 63538.
2, 31769
List the prime factors of 408954.
2, 3, 7, 13, 107
List the prime factors of 90897.
3, 41, 739
List the prime factors of 13895793.
3, 171553
What are the prime factors of 12683808?
2, 3, 44041
What are the prime factors of 1145631?
3, 37, 10321
List the prime factors of 144832.
2, 31, 73
List the prime factors of 593839.
593839
List the prime factors of 33579047.
33579047
What are the prime factors of 58663?
11, 5333
What are the prime factors of 783083?
7, 111869
List the prime factors of 511054.
2, 17, 15031
List the prime factors of 333802.
2, 7, 113, 211
What are the prime factors of 29491?
7, 11, 383
What are the prime factors of 591814?
2, 499, 593
What are the prime factors of 4443943?
7, 31, 20479
What are the prime factors of 21038?
2, 67, 157
List the prime factors of 1066048.
2, 16657
What are the prime factors of 11789398?
2, 17, 137, 2531
List the prime factors of 305859.
3, 43, 2371
What are the prime factors of 3318766?
2, 11, 61, 2473
List the prime factors of 262634.
2, 131317
List the prime factors of 67727.
11, 47, 131
What are the prime factors of 354531?
3, 59, 2003
List the prime factors of 8048301.
3, 2682767
List the prime factors of 14792641.
14792641
What are the prime factors of 2702890?
2, 5, 31, 8719
What are the prime factors of 12988336?
2, 811771
What are the prime factors of 10178417?
10178417
List the prime factors of 512051.
479, 1069
List the prime factors of 151125.
3, 5, 13, 31
List the prime factors of 4174539.
3, 967, 1439
What are the prime factors of 605213?
7, 31, 2789
List the prime factors of 3246465.
3, 5, 216431
What are the prime factors of 2082034?
2, 643, 1619
List the prime factors of 312002.
2, 73, 2137
What are the prime factors of 107832?
2, 3, 4493
What are the prime factors of 248807?
13, 19139
What are the prime factors of 404870?
2, 5, 40487
What are the prime factors of 16787338?
2, 8393669
List the prime factors of 727321.
7, 103903
List the prime factors of 264921.
3, 233, 379
List the prime factors of 63680.
2, 5, 199
What are the prime factors of 1121021?
11, 223, 457
What are the prime factors of 14827?
14827
What are the prime factors of 86096?
2, 5381
What are the prime factors of 3004553?
3004553
List the prime factors of 1408163.
241, 5843
What are the prime factors of 2155293?
3, 7, 34211
What are the prime factors of 70255?
5, 14051
What are the prime factors of 480648?
2, 3, 7, 2861
What are the prime factors of 417759?
3, 131, 1063
List the prime factors of 12820348.
2, 3205087
What are the prime factors of 1059659?
131, 8089
What are the prime factors of 1627485?
3, 5, 108499
What are the prime factors of 11486937?
3, 7, 11, 49727
List the prime factors of 404799.
3, 59, 2287
List the prime factors of 9339.
3, 11, 283
What are the prime factors of 5897875?
5, 29, 1627
List the prime factors of 237653.
13, 101, 181
What are the prime factors of 792475?
5, 31699
List the prime factors of 380416.
2, 743
List the prime factors of 3328469.
3328469
What are the prime factors of 4756340?
2, 5, 163, 1459
List the prime factors of 1778108.
2, 444527
List the prime factors of 2251088.
2, 7, 101, 199
What are the prime factors of 29564238?
2, 3, 11, 447943
What are the prime factors of 675844?
2, 13, 41, 317
List the prime factors of 41119717.
857, 47981
List the prime factors of 743955.
3, 5, 49597
List the prime factors of 1684339.
47, 35837
What are the prime factors of 165524?
2, 41381
What are the prime factors of 3689782?
2, 17, 47, 2309
What are the prime factors of 447141?
3, 113, 1319
List the prime factors of 1063904.
2, 33247
What are the prime factors of 702961?
7, 233, 431
What are the prime factors of 9107971?
17, 61, 8783
What are the prime factors of 3252288?
2, 3, 13, 1303
List the prime factors of 2631971.
2631971
List the prime factors of 449034.
2, 3, 67, 1117
What are the prime factors of 307696?
2, 19231
What are the prime factors of 329495?
5, 65899
What are the p